True
Is 278995966 a multiple of 930?
False
Is 29157917 a multiple of 5?
False
Does 267 divide 28067574?
True
Is 3 a factor of 25960338?
True
Is 151 a factor of 3126606?
True
Is 50923959 a multiple of 1037?
True
Is 1549241616 a multiple of 565?
False
Is 7952004 a multiple of 5?
False
Is 264724268 a multiple of 2153?
True
Is 333 a factor of 67409856?
True
Does 6 divide 2740296?
True
Is 161716195 a multiple of 88?
False
Does 25 divide 7106290?
False
Is 202 a factor of 15408888?
False
Is 40126764 a multiple of 541?
False
Does 52 divide 10717721?
False
Does 171 divide 4304871?
False
Does 13 divide 66960400?
True
Is 43 a factor of 188942043?
True
Is 145 a factor of 54688055?
True
Is 16 a factor of 1181282331?
False
Does 17 divide 550606098?
True
Does 36 divide 810023353?
False
Is 3 a factor of 10915020?
True
Does 22 divide 109111816?
True
Is 35334555 a multiple of 73?
True
Does 1839 divide 219347478?
False
Is 124 a factor of 7725031?
False
Is 678 a factor of 251205118?
False
Does 35 divide 629516607?
False
Does 27 divide 95642775?
True
Is 15 a factor of 378358214?
False
Is 43 a factor of 7616563?
False
Is 14 a factor of 2573802?
True
Does 21 divide 33854582?
False
Is 34264698 a multiple of 2?
True
Does 2360 divide 524222080?
True
Is 32 a factor of 2661170912?
True
Does 1180 divide 29295860?
True
Is 907 a factor of 44685169?
True
Is 85 a factor of 477339345?
True
Is 87449723 a multiple of 55?
False
Does 71 divide 9409083?
False
Is 141 a factor of 9696727?
False
Does 17 divide 15671736?
False
Is 25707372 a multiple of 17?
False
Is 2065 a factor of 11743655?
True
Is 11592268 a multiple of 42?
False
Is 1971847494 a multiple of 282?
True
Does 13305 divide 2392619992?
False
Does 62 divide 57831058?
True
Is 182646897 a multiple of 121?
False
Is 575 a factor of 105534704?
False
Is 270 a factor of 35893800?
True
Does 3063 divide 3017643096?
True
Does 20 divide 31504854?
False
Does 14 divide 332533166?
True
Does 75 divide 4074150?
True
Is 659802450 a multiple of 10?
True
Does 43 divide 1774265290?
False
Is 2849 a factor of 148148?
True
Is 75193224 a multiple of 12?
True
Is 75 a factor of 118508634?
False
Is 15082141 a multiple of 527?
False
Is 1853817923 a multiple of 11?
False
Is 289 a factor of 29065154?
False
Is 15 a factor of 261721992?
False
Is 278854400 a multiple of 17?
True
Does 35 divide 6088705?
True
Does 12 divide 9471240?
True
Is 53757600 a multiple of 400?
True
Does 2123 divide 23507637?
False
Does 1272 divide 90537144?
True
Does 1011 divide 15527326?
False
Is 14 a factor of 169713922?
True
Does 9 divide 23146478?
False
Does 196 divide 353274418?
False
Is 5969180 a multiple of 35?
True
Is 46357776 a multiple of 58?
True
Is 34 a factor of 28902100?
False
Does 31 divide 89239927?
False
Is 154 a factor of 44939340?
False
Does 170 divide 67673014?
False
Does 6 divide 8357178?
True
Is 18 a factor of 87666588?
True
Does 3 divide 3909365?
False
Is 149389020 a multiple of 722?
True
Is 192687638 a multiple of 1441?
True
Is 1887233240 a multiple of 1285?
True
Is 908 a factor of 64178348?
True
Is 70 a factor of 372414370?
False
Does 2044 divide 285818652?
True
Is 1560 a factor of 2369624?
False
Does 22 divide 135434222?
True
Does 723 divide 91166685?
True
Is 662 a factor of 113299698?
False
Is 148 a factor of 348795744?
True
Does 42 divide 565678176?
True
Does 80 divide 326777200?
True
Is 3 a factor of 121142898?
True
Does 8 divide 398969010?
False
Is 3342914010 a multiple of 51?
False
Does 423 divide 155942520?
False
Does 47 divide 6229658?
False
Is 1999931856 a multiple of 156?
True
Is 3763254762 a multiple of 3938?
False
Is 10 a factor of 2463590642?
False
Is 454 a factor of 537784165?
False
Is 8461884 a multiple of 31?
True
Is 96 a factor of 1284752640?
True
Is 263421901 a multiple of 42?
False
Does 30 divide 209785920?
True
Does 5 divide 27624805?
True
Is 15 a factor of 22479070?
False
Is 370 a factor of 2049148032?
False
Is 279575885 a multiple of 5142?
False
Is 37 a factor of 2309355?
True
Is 446856702 a multiple of 621?
False
Does 10 divide 74208940?
True
Is 148615582 a multiple of 451?
False
Is 62856835 a multiple of 64?
False
Does 15 divide 30124125?
True
Does 279 divide 1194831729?
True
Is 497666839 a multiple of 2244?
False
Is 109093889 a multiple of 19?
False
Does 715 divide 34769735?
True
Is 22002328 a multiple of 9256?
False
Does 31 divide 709606789?
False
Is 91480821 a multiple of 2?
False
Does 11204 divide 2270347483?
False
Is 1548 a factor of 21642588?
True
Is 715130825 a multiple of 49?
False
Is 891772856 a multiple of 104?
True
Is 1961 a factor of 189846371?
True
Is 138887661 a multiple of 14?
False
Is 1005903287 a multiple of 28?
False
Does 344 divide 317943288?
False
Does 173 divide 11876385?
False
Does 582 divide 134614854?
True
Does 136 divide 52684360?
True
Is 971567 a multiple of 89?
False
Is 12 a factor of 772568681?
False
Does 151 divide 23258530?
True
Does 73 divide 17961694?
False
Does 234 divide 94020966?
True
Is 1852 a factor of 37769688?
True
Is 935094897 a multiple of 22?
False
Does 31 divide 19521444?
True
Is 173 a factor of 1103567?
True
Is 3446182 a multiple of 874?
True
Is 925 a factor of 1267603350?
True
Is 13634146 a multiple of 97?
False
Is 68538926 a multiple of 800?
False
Does 5 divide 50303261?
False
Does 1117 divide 373078?
True
Is 620 a factor of 21812220?
True
Does 1334 divide 39067524?
True
Is 103 a factor of 11178487?
True
Is 6604 a factor of 3168635125?
False
Does 22 divide 184519774?
False
Is 567928055 a multiple of 1005?
False
Is 166816056 a multiple of 3641?
True
Is 47836250 a multiple of 34?
False
Is 104852776 a multiple of 14?
True
Is 1633 a factor of 434110188?
True
Does 94 divide 772410596?
True
Is 28829990 a multiple of 14?
True
Is 22634908 a multiple of 11?
False
Is 252 a factor of 218018897?
False
Is 37890089 a multiple of 82?
False
Is 365967456 a multiple of 5444?
True
Is 66 a factor of 683473247?
False
Is 12007466 a multiple of 285?
False
Does 6768 divide 992145263?
False
Does 1525 divide 137876378?
False
Is 1243 a factor of 76239114?
False
Does 81 divide 98826966?
True
Is 307620150 a multiple of 3?
True
Is 186 a factor of 3478267971?
False
Is 248 a factor of 78400488?
True
Does 39 divide 32786140?
False
Is 22 a factor of 905474658?
True
Is 2040 a factor of 833613360?
True
Does 47 divide 132279014?
False
Is 66 a factor of 80061432?
True
Is 277857520 a multiple of 1520?
True
Does 44 divide 34559151?
False
Is 117 a factor of 425468241?
False
Is 20191697 a multiple of 18?
False
Is 4 a factor of 16501400?
True
Is 124795055 a multiple of 25?
False
Is 52 a factor of 4684466?
False
Is 39669147 a multiple of 27?
False
Is 1409021562 a multiple of 78?
True
Is 17781162 a multiple of 483?
True
Is 46776975 a multiple of 17?
False
Is 1756 a factor of 2342816625?
False
Does 1002 divide 246683966?
False
Does 52 divide 12988036?
False
Does 12 divide 1120920743?
False
Is 8975460 a multiple of 10?
True
Is 671898227 a multiple of 141?
False
Does 19 divide 196931086?
True
Does 608 divide 3286442?
False
Is 66 a factor of 398331780?
True
Does 278 divide 40596062?
True
Is 118614951 a multiple of 13?
True
Does 32 divide 7057568?
True
Is 350963 a multiple of 30?
False
Is 665 a factor of 16733395?
True
Does 1286 divide 359982709?
False
Is 2160162 a multiple of 54?
True
Is 13484982 a multiple of 1146?
True
Is 15986106 a multiple of 171?
True
Is 44067612 a multiple of 76?
True
Does 3 divide 16520944?
False
Is 50871730 a multiple of 24?
False
Is 1123365008 a multiple of 1912?
True
Is 7 a factor of 188922076?
True
Is 13853036 a multiple of 1120?
False
Does 125 divide 3038577625?
True
Is 3079164855 a multiple of 15?
True
Does 1597 divide 48417846?
True
Does 285 divide 782441315?
False
Does 90 divide 42120962?
False
Is 10859194 a multiple of 105?
False
Is 11566110 a multiple of 67?
False
Is 125979033 a multiple of 33?
False
Is 116 a factor of 31228824?
True
Is 2617 a factor of 1113960593?
False
Does 882 divide 827595594?
True
Is 48806308 a multiple of 1678?
True
Is 1992 a factor of 570976920?
True
Does 37 divide 117739772?
True
Is 29 a factor of 229507479?
True
Is 516 a factor of 144078036?
True
Is 36 a factor of 4281502?
False
Is 23 a factor of 1835785116?
False
Is 33545946 a multiple of 7?
True
Does 45 divide 19242405?
Tr